. Let b(w) = 15*w**2 + 15*w + 24. Let j be b(-2). Let t be (j/(-24))/((-12)/(-16)). What is z(t)?
-3
Let d(o) = -6*o**2 - 324*o + 2. Let b be d(-54). Let r(l) = 33*l. Determine r(b).
66
Suppose -2*u = -5*u - 3. Let w(k) = 397*k + 396*k - 1 - 1201*k + 402*k. Calculate w(u).
5
Suppose 4450 = -154*g + 179*g. Let f(s) = -163*s - g*s + 348*s - 16. Give f(5).
19
Let g(u) = -15 - 10 - 7736*u**2 + 7739*u**2. Calculate g(0).
-25
Let x = -193 - -194. Suppose 5*j = -3*i - x, 0 = 2*i + 2*i - j + 32. Let g(a) = 3*a + 6. Calculate g(i).
-15
Let b(x) = 4*x + 29. Suppose 27 + 167 = -28*y - 2. Calculate b(y).
1
Suppose -3*n - 2 = -4*d, d - 31 = -35. Let v(w) = -w**2 - 17*w - 20. Determine v(n).
46
Let p(f) = 17*f**3 + f**2 - f. Let r(b) = -3*b**2 - 6*b - 39. Let x(h) = -5*h**2 - 9*h - 57. Let d(c) = 8*r(c) - 5*x(c). Let o be d(7). Calculate p(o).
17
Let f(s) = -s + 8. Let u be (98/16*-2)/((-4)/16). Suppose 310 = -18*b + u*b. Calculate f(b).
-2
Let o be (-58)/(-6) + 2/(-3). Suppose 21*j = 63 - 21. Let z(v) = -v**3 + v + v**2 - 7*v - o*v**2 + v**j. Give z(-6).
0
Let x(k) = 2*k**2 + 20*k + 16. Let a = -343 - -299. Let p = a + 35. Determine x(p).
-2
Let d(j) = j**2 + 140*j - 882. Let a be d(6). Let y(h) = -h**3 - 7*h**2 - 11*h - 18. Calculate y(a).
12
Let v = -299 + 299. Suppose 0 = 3*w - 4*w + 2. Suppose -w*h - k = v, 0 = -5*h + h + 2*k - 8. Let x(a) = 18*a**3 - 2*a**2 - a. Determine x(h).
-19
Let a be 8*(3/4)/((-6)/(-4)). Suppose 27 = 5*k - a*m, -8*k = -4*k + m - 30. Let j(v) = 3*v - 10. Give j(k).
11
Let s(k) = 8*k**3 + k**2 + 3. Let c(i) = -33*i**3 - 5*i**2 + i - 11. Let f(x) = c(x) + 4*s(x). What is f(-1)?
0
Let f(c) = c**2 + 27*c - 26. Let z(q) = -25*q**2 + 36*q. Let k be z(2). Determine f(k).
2
Let u(d) = -14*d**3 + 8*d**2 + 6*d - 1. Let f = 63 + -64. Let t be u(f). Let r(x) = x**3 - 14*x**2 - 17*x + 25. Determine r(t).
-5
Let h(b) = -6*b**2 - 166*b - 1037. Let j be h(-18). Let z(l) = -6*l + 16. Calculate z(j).
-26
Let c(j) = 44*j**3 + 1 - 27*j**3 - 22*j**3. Let m be c(1). Let t(z) = -6*z + 4 - z**2 + 0 - 1. What is t(m)?
11
Let i(z) be the first derivative of -203 + 1/2*z**2 + 13*z. Give i(-6).
7
Suppose 24 = 3*l - h, 2*l - 110 = -4*h - 108. Let s(z) = 7*z - 60. Determine s(l).
-11
Suppose -8*g + 59 = -925. Let p(m) = g - 61 - 50 - m. Determine p(16).
-4
Let l(g) = -2*g**2 + 2*g - 1. Let z(x) = -2*x + 4. Let s be z(-3). Suppose -2*v + 15 = p, 0*p = -v - p + s. Let m be (3 - (-28)/(-10))*3*v. What is l(m)?
-13
Let q(r) = -397 + 267 - 30*r + 222 + 23*r. What is q(15)?
-13
Let d(l) = 2*l**2 - 3807*l + 1905*l + 4*l**2 - 5*l**2 + 6 + 1903*l. Give d(3).
18
Let t be (21 - 4) + 2 - 7. Suppose 40 = -t*h - 128. Let r(m) = -m**3 - 13*m**2 + 15*m + 8. Give r(h).
-6
Let x = 6 - 10. Let j(a) = 2. Let s(k) = -3*k - 6. Suppose 15*m = 6*m + 9. Let r(u) = m*s(u) + 2*j(u). Give r(x).
10
Let s = 4673 + -4669. Let m(z) = -2*z**2 - 1. Calculate m(s).
-33
Let t(z) = -z - 21. Let s(p) = -4*p**2 - 11*p - 11. Let d(n) = -16*n + 381. Let j be d(24). Let i be s(j). Give t(i).
-7
Let t(c) = -63 - 2*c - 9*c - 70 + 204 - 67. Suppose 4*a + 0*a = 12. Give t(a).
-29
Let z(o) be the third derivative of -7*o**6/72 + o**5/60 - o**4/24 + 4*o**3 - 2*o**2. Let m(r) be the first derivative of z(r). What is m(1)?
-34
Let z(b) be the third derivative of -b**5/60 + b**4/8 - b**3/3 - 2*b**2. Suppose 170*g + 42 = 5*c + 174*g, -g = 5*c - 18. Determine z(c).
0
Let g(h) = -2*h**2 - 51*h - 69. Let i be g(-24). Let u(j) = 7*j + j**3 - 2*j**i - 13*j + 8*j - 2. What is u(-3)?
19
Let b(y) be the third derivative of -y**4/12 + 3*y**3/2 + 300*y**2. Let h be (-4)/6 - 110/33. Let x = 2 - h. Calculate b(x).
-3
Let f(h) be the second derivative of -h**6/20 + h**5/60 - 167*h**2/2 - 49*h. Let v(l) be the first derivative of f(l). Calculate v(-1).
7
Suppose 83*h = 122*h + 156. Let l(p) = -1. Let o(f) = 2*f - 4. Let x(n) = -4*l(n) + o(n). Calculate x(h).
-8
Let s(j) = -j**3 - 7*j**2 - 2*j - 10. Let w(v) be the second derivative of 37*v**3/6 - 8*v**2 + 3*v. Let p be w(-7). Let o be 2/(-16) + p/40. Calculate s(o).
4
Let y(o) = 30 + 27 - 54*o + 103*o - 48*o. Determine y(-57).
0
Let z be (-2)/((-24)/4 - -5). Suppose z*p = -4*k - 28, k - 2 = 2*p + 6. Let b(d) = d**2 + 8*d + 8. Calculate b(p).
-4
Let k(w) = -19*w + 10 - 2 - 59*w**2 - 2 + 60*w**2 + 5. Give k(17).
-23
Let f(i) be the third derivative of i**6/120 + i**5/20 - i**4/12 + i**3/6 - 57*i**2 - 2*i. Let y be (-1)/((-32)/160*(-10)/8). Give f(y).
-7
Let n(o) = 2*o**2 + 15*o + 9. Let y be n(-9). Suppose 2 = -l - 2. Let k be ((-24)/y)/(l/(-18)). Let w(j) = j**3 + 3*j**2 - 4*j - 2. Give w(k).
10
Let q = 489 - 461. Suppose -q = -20*w + 24*w. Let l(v) be the second derivative of -v**4/12 - 4*v**3/3 - v**2/2 + v. Determine l(w).
6
Let c be 188/(-48)*2 - (220/24 - 9). Let d(u) = -3*u**2 - 24*u - 11. Calculate d(c).
-11
Let o(p) = -2*p + 8. Let v = 2 + -3. Let k(z) = z - 1. Let r(b) = v*o(b) - 3*k(b). Give r(-5).
0
Let b(o) = -5*o - 3. Suppose 0*t - 6 = -3*t, 0 = -4*q + 2*t - 72. Let a be 9/2 + q/(-34). What is b(a)?
-28
Suppose 5*q - 2*m = 34, 3*m + 37 = -29*q + 33*q. Let a(g) = 19*g - 63. What is a(q)?
13
Let s(q) = q**2 + 5. Let m be s(0). Suppose -2*j = -2*d - 20, -j + m*j + 20 = -d. Let n(i) be the first derivative of i**3/3 + 7*i**2 + 17*i + 7. Give n(d).
-7
Let h(b) = -56*b + 22 + 370*b**3 - 6 - 19*b**2 + 363*b**3 - 732*b**3 + 13*b. Calculate h(21).
-5
Let o(g) be the second derivative of g**2 - 89*g. Let a(q) = -q**3 - 5*q**2 + 5*q + 3. Let h(t) = -a(t) - 3*o(t). Determine h(-6).
-15
Suppose w - 893 = -17*b + 19*b, -4 = 4*w. Let z = 439 + b. Let g(k) = -k**2 - 8*k + 11. Give g(z).
11
Let a be -23*13/(-23) - 9. Let p(x) be the first derivative of x**3/3 - x**2/2 - 5*x + 1. Determine p(a).
7
Let d(m) = 3*m**2 - 3*m + 1. Let w(l) = 15*l**2 - 12*l + 6. Let h(p) = 3*d(p) - w(p). Give h(4).
-87
Let u(z) = z**2 - 12. Suppose 0 = j - 5*p + 10, -6*p + p - 5 = -2*j. Let b = j + -17. Let o(w) = -w**2 + 11. Let v(n) = b*u(n) - 3*o(n). What is v(0)?
-9
Let v(h) = h**3 - 7*h**2 - 4*h + 15. Let i = -2372 - -2378. Calculate v(i).
-45
Let l(o) = 4*o**2 - 20*o - 9. Let s(n) = -20*n**2 + 115*n + 45. Let t(c) = 11*l(c) + 2*s(c). Calculate t(-4).
15
Let g be 248/42 - (-1 - (-570)/630). Let u(l) be the first derivative of l**3/3 - 7*l**2/2 + 7*l - 18. Give u(g).
1
Let q(k) = -67 + k + 65 - 6*k. Let w(x) be the first derivative of 2*x**3/3 - 2*x**2 + 2*x - 15. Let o be w(2). Calculate q(o).
-12
Let k(j) be the third derivative of j**6/120 - 7*j**5/60 + 7*j**3/6 - 8*j**2. Suppose -1162*r = -1163*r + 2, 0 = -3*h - 2*r + 22. Calculate k(h).
-29
Let j(b) be the first derivative of b**2/2 - 12*b - 4810. Determine j(27).
15
Suppose -1303 = 30*c - 973. Let s(g) = g**2 + 7*g - 50. Determine s(c).
-6
Let b(h) = 2*h + 26. Let m be b(-7). Suppose 6*a - m*a + 54 = 0. Let j(q) = q - 5. Give j(a).
4
Let m(b) be the first derivative of -b**4/4 + 5*b**3/3 - b**2 + 5*b - 205. Let z(r) = 2*r - 1. Let y be z(3). What is m(y)?
-5
Suppose -4*k - 4 = 0, -29*k + 33*k = 4*b + 16. Let f(n) = n**3 + 7*n**2 + 8*n - 1. Calculate f(b).
9
Let p(g) = -g**3 + g**2 - g - 1. Suppose 0 = d + 1, -v - 4*d = -2 + 8. Let r be -7 - -10 - (v + 0). Suppose 0 = r*w + 2*w. Determine p(w).
-1
Let x(c) = 42*c**2 - 1 + 2*c + 41*c**2 + 44*c**2 - 129*c**2 + 11*c**3. Let q(f) = -15 - 8 + 3*f - 5*f. Let u be q(-12). What is x(u)?
10
Suppose 0 = 2*w - 2 - 4. Let h be 27/45 + (-7)/(-5). Let g(a) = -14*a**w + h*a + 13*a**3 - 3*a**2 - a + 2. Calculate g(-3).
-1
Let z(y) = -y**3 - 7*y**2 + 7*y - 1. Let l be (34/(-136))/(1/28). What is z(l)?
-50
Let z(j) = 19 + j**2 - 33 + 11 + 4*j. Suppose 34*s - 22*s + 60 = 0. What is z(s)?
2
Suppose 3*g = 2*j - 6, -3*j + 2*g - 3*g = 2. Let i(d) = -30*d - 7. Let z be i(j). Let c(w) = w. Calculate c(z).
-7
Let i(v) be the second derivative of -2 + 1/3*v**3 + 21*v - 1/2*v**2 + 1/12*v**4. Suppose 3*o + 2*o + 10 = 0. Calculate i(o).
-1
Suppose -3*d = 4*b + 34, 5*b + 2*d + 6 = -33. Let z(o) = -6*o - 10*o**2 + 18 + 14*o - 8*o. Let y(q) = 7*q**2 - 12. Let j(m) = b*y(m) - 5*z(m). Give j(-5).
19
Let a(b) = -11*b + 67. Let g be 0 + (-4 - (-26)/8) - (-252)/336. Determine a(g).
67
Suppose -2*r - 5*l - 69 = 0, -52 = r + 100*l - 95*l. Let v(p) = -4*p - 42. Give v(r).
26
Let f(m) = m**3 + 5*m**2 + 4*m + 6. Let w be 24/(-8) 